he units digit of w?
0
Suppose 9*l - 4326 = 2*l. What is the units digit of l?
8
Suppose 0 = -34*p + 30*p + 884. What is the tens digit of p?
2
What is the units digit of (845128/298)/(0 - 4/(-2))?
8
Suppose f - 2*a = a + 3, 0 = a. Suppose 3*b - 396 = -f*r, 3*b + 0*r - 431 = 4*r. What is the units digit of b?
7
Let j(t) = t**3 + 9*t**2 + 11*t - 19. Let k be j(-7). Let s = -10 - -15. Suppose k*o = -s*u - 0*o + 101, 0 = -5*u + 4*o + 83. What is the tens digit of u?
1
What is the units digit of 171/6 + 35/(-14)?
6
Suppose -5*a - f = -7 - 8, -5*f + 17 = -4*a. Suppose -1 = -a*m + 5. Suppose 5*p - 4*p - 4*u - 28 = 0, m*p + 4*u = 4. What is the units digit of p?
8
Let j = -33 - -33. Suppose -8*x + 715 + 1109 = j. What is the units digit of x?
8
Suppose -3*v + 9 = -3. Let t(b) = 111*b**3 + b - 1. Let j be t(1). Suppose -v*w - j = -7*w. What is the units digit of w?
7
Let u be 1*3 - (4/4 - 21). Suppose 0 = -3*s - u + 323. What is the tens digit of s?
0
Let g(w) = -w**3 + 9*w**2 + 11*w - 6. Let z be 11 + (2 + -3)*1. Let l be g(z). Suppose -8 = 4*v, 0 = l*i + 5*v - 74 + 8. What is the units digit of i?
9
Suppose -8*v = -0*v - 48. What is the tens digit of (-380)/(-5)*v/8?
5
Suppose 15*m - 288 = 6*m. What is the units digit of m?
2
Let h(z) = 25*z**2 + 4*z + 3. Let g be 6/(-18) + (-5)/3. What is the units digit of h(g)?
5
Let z = -433 + 707. What is the hundreds digit of z?
2
Let m(n) = -n**3 + 8*n**2 + 2. Let f(x) = x**2 - 9*x. Let u be f(9). Suppose u = 4*s - 9*s + 40. What is the units digit of m(s)?
2
Let y(t) = 15*t - 10. Let u be y(5). Suppose -2*n + 3*n - u = 0. What is the units digit of n?
5
Let o(x) = 52*x**2 - 1. Let n be o(-1). Suppose 29 = 2*h - n. What is the tens digit of h?
4
Let j(o) = 3*o**3 - 5*o**2 - 6*o + 4. Let q be j(5). Suppose -2*g = 6, -3*c - g = -232 - q. What is the tens digit of c?
5
Let h(m) = -279*m + 123. What is the hundreds digit of h(-4)?
2
Let x be (-4 + 20/6)/((-1)/(-3)). What is the units digit of 6 - 0*x/2?
6
Let u(c) = 3*c**2 + 17*c + 5. Let v be u(-6). Suppose 15*b - v*b = 0. Suppose -3*l = 2*l - 3*t - 2, -2*l + 5*t - 3 = b. What is the units digit of l?
1
Let x be (-18)/12 - 11/(-2). Suppose -3*c = 6*m - m - 7, -2*c + 4 = x*m. Suppose -c*a = 7 - 75. What is the tens digit of a?
1
Let y = 14 + -12. Suppose -82 - 56 = -y*x. What is the units digit of x?
9
Suppose 7*b = 9*b - 4*n - 1286, 5*b = -5*n + 3140. What is the units digit of b?
3
Let g(q) be the third derivative of q**4/12 + 4*q**3 - 7*q**2. Let c be g(-12). Suppose l - 1 - 11 = c. What is the units digit of l?
2
Let p(g) = g + 752. What is the hundreds digit of p(62)?
8
Let l(q) = q**2 + 8*q - 11. Let b be l(-9). Let t be (b/(-5))/((-3)/2475). What is the tens digit of t/45*(1 + -4)?
2
Let p(x) be the third derivative of x**6/120 + x**5/20 - x**3/3 - 5*x**2. Let h be p(-2). Suppose -q - 26 = -h*q. What is the units digit of q?
6
Suppose 4*b = -3*b + 91. What is the units digit of b - (3 + (0 - -1))?
9
Suppose -88 = -d - 2*i + 344, 2*d = -i + 873. What is the units digit of d?
8
Suppose -t - 2337 = -5*c - 141, -4*c = 5*t - 1780. What is the tens digit of c?
4
Suppose -6*w + 9*w = -4*b + 1280, -3*w - b = -1283. What is the tens digit of w?
2
Let n(g) = 1029*g - 14. What is the units digit of n(2)?
4
Let q(o) = -4*o**2 + 4*o + 1. Let y be q(3). Let n = y - -45. Suppose 0 = -a + n - 5. What is the units digit of a?
7
What is the tens digit of -1 - (1 + 3) - -23?
1
Let o = 127 - 107. Suppose 0 = -o*x + 16*x + 152. What is the tens digit of x?
3
Suppose 3*x + 2*x = -2*b - 145, 0 = b - 2*x + 50. What is the units digit of 922/18 + b/27 + 2?
1
What is the hundreds digit of 4160 + 15 + -2 + -5?
1
Suppose -2*l - 6 = 4*z, -2*z - 20 = 2*l - 6. Suppose k + 30 - 1 = 0. Let t = l - k. What is the units digit of t?
8
Suppose 2*k - 5*k + 2934 = -2*p, -3*k - p + 2934 = 0. Suppose 950 = 5*g - 5*q, -2*q + k = 2*g + 3*g. What is the units digit of g?
4
Suppose 0 = -3*n - 0*j - 5*j + 1535, 5*n + j = 2551. Suppose 20*f - n = 15*f. What is the tens digit of f?
0
What is the units digit of (-55260)/(-76) + (-6)/57?
7
Let y(q) = -17*q + 10. Let j be y(-6). Let n = j - 67. What is the tens digit of n?
4
Suppose 2*l = 3*l - 157. Let h be 10/15*-6 + l. Suppose -n - h = -2*m, -5*n - 385 = -5*m - 0*n. What is the units digit of m?
6
Let z(t) = 326*t - 27. What is the hundreds digit of z(2)?
6
Let f = 38 + 13. Suppose 0*z = -3*z + f. What is the units digit of ((-2)/2)/((-1)/z)?
7
Let u = 783 + -370. What is the hundreds digit of u?
4
Let j(u) = -3*u - 4. Let r be j(-7). Suppose 0 = -d - 25 + 9. Let v = r + d. What is the units digit of v?
1
Let i be 2/7 + 114/42. Suppose 3*n = -i*x + 120, -2*n - x + 80 = -3*x. Let a = n + -17. What is the units digit of a?
3
Let t(q) = 31*q**3 - 2*q**2 - q - 1. Let f be t(2). Suppose -5*k + 128 = -f. What is the tens digit of k?
7
Let b(k) = 3*k**2 - 23*k + 2. What is the hundreds digit of b(22)?
9
Suppose 5*u + 22 = 2*c, u + 9 - 1 = 4*c. What is the tens digit of 2/(-16)*206*u?
0
Let v = -8 - -4. Let k be (-154)/(-6) + v/6. Let p = 38 - k. What is the tens digit of p?
1
Let z = -14 - -18. What is the units digit of 4*(-2)/z*-51?
2
Let y(h) = 3*h**2 + 4*h + 12. Let n be -2*17/6 - 30/90. What is the units digit of y(n)?
6
Let l = 19 + -35. Let s = -27 - l. Let i(z) = -z**2 - 14*z - 16. What is the tens digit of i(s)?
1
What is the units digit of (-4)/1*(-6 + -148)?
6
Suppose -5*o + 10 = 5*p, -2*p - 3*o + 6 = o. Let k be p/(-1) - (2 - 6). What is the tens digit of (-69)/2*(-2)/k?
2
Let c = -610 + 1081. What is the hundreds digit of c?
4
Suppose -u + 5*u = -3*n + 17, 2*u = -3*n + 13. Suppose 27 = 7*i - 36. Let q = u + i. What is the tens digit of q?
1
Suppose -4*q - q + n = -28, -3*q + 21 = -2*n. Suppose -2*a = -q*f + 3*a + 480, -3*f = 5*a - 296. What is the units digit of f?
7
Suppose -3*n + 2*d = -1633, 0 = -4*n + 5*d + 386 + 1789. What is the tens digit of n?
4
Let r(d) = -471*d**3 + d**2 + 3*d + 1. What is the hundreds digit of r(-1)?
4
Let l(a) = 109*a**2 - 7*a + 6. What is the hundreds digit of l(2)?
4
Let n(h) = -h + 19. Suppose 5*o + r - 6 = 22, -3*o - 2*r + 21 = 0. Let j be 2 + (o - -1) + 0. What is the units digit of n(j)?
1
Let z be 12/30 + (-8)/(-5). Suppose 113 = -5*v + 4*f, -z*v - 3*f = f + 62. What is the tens digit of (-5)/2*130/v?
1
What is the units digit of ((3393/(-52))/(-29))/(1/648)?
8
Suppose -m - 18 = -29. What is the tens digit of m?
1
Suppose -2*d + 15 = 3*d. Suppose -d*j - 48 = -6*j. Suppose 6*a - j = 4*a. What is the units digit of a?
8
Let a be (-923)/5 - (-2)/(-5). Let w = -37 - a. Let y = -74 + w. What is the tens digit of y?
7
Suppose -5*l = -11955 + 3435. What is the hundreds digit of l?
7
What is the tens digit of (-18)/30 + 2/15*2787?
7
Let n(p) = 0*p - p - 1 - 4*p. Let o be n(-2). Let k = o + 3. What is the tens digit of k?
1
Let k = 276 + 1621. What is the thousands digit of k?
1
What is the hundreds digit of 14790/14 - (-24)/(-56)?
0
Let h be (3 - 2)/(1 + 0). What is the units digit of h*(13 - (3 - 5))?
5
Suppose n + 3*n - 8 = 5*q, 0 = 3*q + 2*n - 4. Let s = 30 - q. What is the tens digit of s?
3
Let z = 1969 - 913. What is the thousands digit of z?
1
Suppose -3*l + 0*q = 2*q - 70, 0 = 4*q - 20. Suppose -2*f = -4*f - l. What is the tens digit of ((-18)/f)/(2/30)?
2
Let w(p) = -2*p**2 - 20*p - 6. Let y be w(-6). Let u = 69 + y. Let z = -77 + u. What is the units digit of z?
4
What is the units digit of 2937 + -8 + 9 + 0?
8
Suppose -3*u - 24 = u. What is the tens digit of (-1335)/(-25) + u/(-10)?
5
Let l be (1287/(-44))/(2/16). Let n = -165 - l. What is the units digit of n?
9
Let x(n) = n**2 - 6*n + 19. What is the tens digit of x(15)?
5
Let s = 45 - 93. Let v = 53 - s. What is the units digit of v?
1
Let j(b) be the first derivative of 13*b**3/6 + b**2/2 - 3*b + 4. Let w(t) be the first derivative of j(t). What is the tens digit of w(2)?
2
What is the units digit of 7050/12 + (-12)/8*-1?
9
Let x = -2 + 7. What is the units digit of x + -1 + (54 - -3)?
1
Let u(k) = 5*k + 3. Let q be u(0). What is the units digit of (4/((-48)/18))/(q/(-136))?
8
Let p(b) = -2*b**2 + 2*b - 12. Let r be p(-6). What is the tens digit of (r/(-80))/(1 + 77/(-80))?
3
Let p = 2 + -13. Let g = 2 - p. Let r(k) = -k**3 + 12*k**2 + 16*k + 3. What